0 - (-2 - 0)?
10
Suppose -338 = -2*a - 2*q, -a + q - 670 = -5*a. What is the remainder when a is divided by 17?
14
Let r(i) = -i + 1. Let t be r(-3). Let d be (-3)/3 + t - -284. What is the remainder when (1 + -2)*d/(-7) is divided by 14?
13
Suppose n - 4*n = -3*t - 156, -2*t = 0. Suppose -n = q - 3*q. Calculate the remainder when q is divided by ((-8)/4)/((-6)/21 - 0).
5
Suppose -20*p - 44 = -22*p. Let h = -21 + p. Calculate the remainder when 55 is divided by -3 + (h + 3 - -13).
13
Let q be (-2)/(-4)*1 + 20/8. Suppose 3*v + 84 = 3*r, 4*r + q*v - 39 - 59 = 0. What is the remainder when r is divided by 15?
11
Let s(a) be the third derivative of a**6/120 - a**5/6 - a**4/24 + 7*a**3/3 - 15*a**2. What is the remainder when 10 is divided by s(10)?
2
Let d(y) = -y**2 - 18*y - 3. What is the remainder when 63 is divided by d(-16)?
5
Suppose 2*c - 96 = -5*y, -12*y + 15*y - 2*c - 64 = 0. What is the remainder when y is divided by 16?
4
Let c(t) = 123*t - 107. Calculate the remainder when 77 is divided by c(1).
13
Suppose -3*n - 3*m = -159, 5*m + 69 - 232 = -3*n. What is the remainder when 103 is divided by n?
1
Calculate the remainder when (-25)/((-6)/5 - -1) is divided by 40.
5
Suppose -5*f = -3*o - 100, 0 = -f + 5*o - 5 + 25. Suppose 3*p = -p - f. Let a = 11 + p. What is the remainder when a is divided by 4?
2
Let x(h) = h**2 - 16*h + 21. Let u = 31 + -14. Calculate the remainder when x(u) is divided by 13.
12
Let s(u) = -2*u**2 + 12*u + 2. Calculate the remainder when 70 is divided by s(5).
10
Suppose 0 = 4*t + 14 + 6. Let j(z) = -87*z + 1. Let q be j(t). Suppose -5*u + q = 91. Calculate the remainder when u is divided by 14.
13
Let j(i) = i**2 - 16*i + 5. Let r(z) = 2*z**2 - 31*z + 10. Let d(l) = 11*j(l) - 6*r(l). Calculate the remainder when 75 is divided by d(4).
18
Let y = -1014 + 1039. Suppose -3*t + 2*r = 4*r - 25, t - 15 = -4*r. What is the remainder when y is divided by t?
4
Let v = 4 - -129. Calculate the remainder when v is divided by 15.
13
Let v be (12/21)/(8/28). Suppose -v*o = -17 - 19. Calculate the remainder when 19 is divided by 94/o + 8/(-36).
4
Let n be ((-12)/5)/(5/(700/(-8))). Let l = 129 - n. Let i = 24 - 9. Calculate the remainder when l is divided by i.
12
Let u = -55 + 129. Let v = 41 + -36. Suppose 0 = v*s + 7 - 22, 0 = 5*c + 3*s - u. What is the remainder when 49 is divided by c?
10
Suppose -5*z = -z - 112. Calculate the remainder when 107 - 0/(-4 + -2) is divided by z.
23
Let n(s) = -s**2 + 9*s + 13. Suppose -4*k + k = -3*m + 18, 4*m + 3*k - 52 = 0. Calculate the remainder when 17 is divided by n(m).
2
Let s(h) = h**3 + 7*h**2 - 9*h + 7. Let g(p) = -2*p**2 + p - 2. Let d be g(2). What is the remainder when 27 is divided by s(d)?
12
Suppose 0*j = 2*j - 52. Suppose y - 130 = -12*y. Calculate the remainder when j is divided by y.
6
Suppose -305 + 65 = 4*s. Let y = 90 + s. Suppose 16 = 2*t + 2*t, 0 = x + 3*t - y. Calculate the remainder when 70 is divided by x.
16
Let b be 40/(-8) - (0 - 38). Suppose 2 + 4 = 3*j. Suppose j*r = 29 + b. Calculate the remainder when r is divided by 8.
7
What is the remainder when (-1230)/287*14*(-5)/2 is divided by 38?
36
Let d = 11 - 8. Suppose 19 - d = 2*x. Calculate the remainder when x is divided by 3.
2
Let h(i) be the second derivative of i**5/20 + i**4/12 + i**3/6 + i**2 - 2*i. Suppose v = -4*v + 15. What is the remainder when h(v) is divided by 11?
8
Let g(q) = -7*q**2 - 79*q - 9. Suppose 27 = 3*d + 6. What is the remainder when g(-11) is divided by d?
6
Suppose 4*q - 18 = -5*i, 4*i - q = i + 21. Let n(v) = 6*v - 19. Calculate the remainder when n(7) is divided by i.
5
Let a(r) be the second derivative of -5/6*r**3 + 2*r**2 + r + 1/12*r**4 + 0. What is the remainder when 27 is divided by a(6)?
7
Let x(z) = -z**3 + 13*z**2 - 12*z - 11. Calculate the remainder when x(8) is divided by 43.
41
Calculate the remainder when ((-222)/(-1))/((-135)/(-180)) is divided by 142.
12
Suppose 2*t + 320 = 354. What is the remainder when 317 is divided by t?
11
Suppose 0 = -14*i + 22 + 384. What is the remainder when i is divided by 10?
9
Let l be (-2)/((-126)/24 + 5). Suppose 0 = l*y - 35 - 5. What is the remainder when 105/6 - 1/2 is divided by y?
2
Let p = 1 + 4. Suppose -19 - 26 = -p*a. Calculate the remainder when a is divided by 5 - (20/5*-1 - -5).
1
Let d(k) = k**3 + 15*k**2 - 18*k - 18. What is the remainder when d(-16) is divided by 13?
1
Let r(g) be the first derivative of 19*g**4/4 - g + 3. Let d(m) = -39*m**3 + 3. Let o(v) = 2*d(v) + 5*r(v). Calculate the remainder when 70 is divided by o(1).
16
Suppose 0 = 3*a + 4*a - 28. Suppose -a*v + 12 = 0, 0*j + 3*v = -5*j + 114. What is the remainder when 33 is divided by j?
12
Let y be 9/(-1*(4/(-28) - 0)). Let h = -34 + y. Calculate the remainder when h is divided by 10.
9
Let c(i) = -2*i**2 - 22*i - 38. Calculate the remainder when 66 is divided by c(-8).
6
Let n be (-6)/24 - 18/(-8). Suppose -n*b = -19 - 79. What is the remainder when b is divided by 13?
10
Let z(m) = 2*m**2 - 8*m - 2. Let p be z(6). Suppose 2*n - 5*b - 36 = 0, -4*n + 2*b + 84 = -2*b. Let s = p + n. Calculate the remainder when s is divided by 12.
9
Let u = 7 + 14. Suppose 3*d + 4*d = u. Calculate the remainder when 29 is divided by d.
2
Let k = 8 - -20. Let m = 2 - -8. Calculate the remainder when 57 + -1 - (m + -9) is divided by k.
27
Let b = 21 - 10. Let o = -116 + 170. Calculate the remainder when o is divided by b.
10
Suppose 0 = 32*m - 1071 + 207. What is the remainder when 3/3*(-1 + 108) is divided by m?
26
Let y = -22 - -64. Let k = 144 - y. Suppose k = 3*c + 3*d - 6*d, 0 = 2*c + 4*d - 98. Calculate the remainder when c is divided by 14.
11
Suppose 8 = 2*h, -h - 10 + 62 = 2*p. Calculate the remainder when 115 is divided by p.
19
Let j(c) = 10 + 47 + 21*c + c**2 - 6 - 9. Let u(h) = h**3 + 4*h**2 - h - 2. Calculate the remainder when u(-3) is divided by j(-19).
2
Let h(t) = 2*t + 24. Let o = 3 + -6. Calculate the remainder when 5/15 + (-23)/o is divided by h(-11).
0
Calculate the remainder when 30*(-7 - 1170/(-50)) is divided by 38.
36
Let a = 303 + -229. Let o be 0 + (-1 - -2) + -2. Calculate the remainder when a is divided by o + (2 + -62)/(-3).
17
Let d(s) = -s**3 + 15*s**2 + 7*s + 33. What is the remainder when d(15) is divided by 39?
21
Let n = -412 + 584. What is the remainder when n is divided by 22?
18
Suppose -21*l = -35*l + 14. What is the remainder when 4/((-2)/(-1)) - 0 is divided by l?
0
Let d(b) = b**2 - 4*b + 30. Calculate the remainder when d(-7) is divided by 32.
11
Let r(a) = -a**3 + 26*a**2 + 6*a - 66. What is the remainder when r(26) is divided by 23?
21
Suppose 0 = 5*b - 6*v + 2*v - 263, v = -5*b + 253. Let u = b + 50. What is the remainder when u is divided by 34?
33
Suppose -67 - 133 = -5*s. Let i = s + -31. Let z = i - -14. What is the remainder when z is divided by 6?
5
Let r be -1 + 9 + -1*2. Let f = -2 + r. What is the remainder when 25 is divided by f/12 + 41/3?
11
Let l = -844 + 908. Calculate the remainder when 105 is divided by l.
41
Let h(q) = q**3 - 19*q**2 + 2*q - 34. Let l be h(19). Suppose -20 = -l*s, 0 = -z - 4*z - 5*s + 380. What is the remainder when z is divided by 19?
14
Let u = -3 - -4. Let l(c) be the third derivative of 19*c**4/24 + c**3/6 + 10*c**2. Calculate the remainder when l(u) is divided by 11.
9
Let w(h) = 3*h**3 + 2*h**2 - 8*h + 9. Suppose 5*f + 26 = 2*l, -4*f - 34 = -2*l - 12. What is the remainder when w(l) is divided by 22?
18
Let f = -13 + 7. Let q(w) = -w + 0*w**2 - 9*w - w**2 - 14. Calculate the remainder when 38 is divided by q(f).
8
Calculate the remainder when -3*1*782/(-138) is divided by 10.
7
Suppose 8*c - 550 = -3*c. Calculate the remainder when c is divided by 13.
11
Suppose 4*v = 2*x - 36, -5*v - 80 = -53*x + 48*x. Calculate the remainder when 108 is divided by x.
10
Let y = 10 + -13. Let x(w) = 3*w**2 + 3*w - 1. Let d = 437 - 431. What is the remainder when x(y) is divided by d?
5
Let p = -46 + 38. Calculate the remainder when p/(-12)*(-999)/(-6) is divided by 28.
27
Let m(t) = 1 + 1 + 1 + 8*t - 9*t**2 + t**3. Let v(b) = b**3 - 6*b**2 + 8. Let i be v(6). What is the remainder when m(i) is divided by 2?
1
Let v(w) = 9*w**2 + 4*w - 7. Suppose 5*q - 3*h = 157, -4*q - 2*h = 47 - 155. Calculate the remainder 